3) in base 14?
-140
10b1 (base 16) to base 13
1c39
What is 1121200 (base 3) in base 2?
10010011011
What is -6498 (base 11) in base 4?
-2012001
Convert -1a88 (base 11) to base 16.
-a4d
Convert 1212111112 (base 3) to base 7.
212222
What is -42 (base 9) in base 14?
-2a
What is 12220 (base 3) in base 10?
159
17275 (base 10) to base 4
10031323
Convert -2012101 (base 4) to base 10.
-8593
-14 (base 6) to base 8
-12
-10b6 (base 12) to base 10
-1866
-4555 (base 7) to base 13
-9a6
-102314 (base 5) to base 14
-1391
Convert -639 (base 10) to base 2.
-1001111111
-520 (base 10) to base 9
-637
Convert 20326 (base 8) to base 9.
12470
Convert -141212 (base 6) to base 11.
-9a61
-10343 (base 7) to base 3
-10112112
-157 (base 16) to base 7
-1000
What is -11230011 (base 4) in base 14?
-86c5
49a (base 15) to base 12
731
2a3 (base 15) to base 13
375
Convert 1342420 (base 5) to base 2.
110110011010100
What is -6826 (base 12) in base 3?
-120211210
What is 3565 (base 11) in base 12?
2851
110001100100 (base 2) to base 16
c64
-7334 (base 10) to base 13
-3452
146c3 (base 15) to base 5
4100113
-6ba1 (base 13) to base 16
-3b44
What is -2936 (base 10) in base 15?
-d0b
Convert 242431 (base 5) to base 11.
6938
Convert 1112432 (base 6) to base 16.
dc04
Convert e8e7 (base 15) to base 14.
13d51
1b1 (base 15) to base 5
3031
What is -100011110110 (base 2) in base 4?
-203312
Convert 100002101 (base 3) to base 10.
6625
-2112112 (base 3) to base 8
-3472
What is 271 (base 13) in base 6?
1554
-1620 (base 9) to base 16
-4d1
Convert b4 (base 14) to base 5.
1113
What is -2210212101 (base 3) in base 7?
-320146
Convert 565 (base 14) to base 15.
4b4
What is -107343 (base 8) in base 3?
-1212011210
-1122 (base 3) to base 14
-32
Convert 1295 (base 12) to base 2.
100001010001
Convert 101 (base 7) to base 5.
200
Convert 14b40 (base 13) to base 10.
39260
What is 2326 (base 14) in base 7?
23546
Convert -332154 (base 6) to base 12.
-1405a
4a5 (base 13) to base 11
678
b127 (base 13) to base 9
36376
Convert -3b2b (base 12) to base 8.
-15223
Convert 3002 (base 16) to base 3.
121212012
Convert aa3 (base 13) to base 10.
1823
What is -31062 (base 9) in base 2?
-100111111110100
What is -20100012 (base 3) in base 12?
-2812
2b7 (base 15) to base 11
516
Convert 6a2 (base 12) to base 7.
2606
10012 (base 3) to base 4
1112
Convert 1970 (base 15) to base 11.
4155
What is 5767 (base 10) in base 11?
4373
What is 1000 (base 3) in base 7?
36
Convert -7520 (base 8) to base 13.
-1a27
What is 22b (base 15) in base 9?
605
What is 2404032 (base 5) in base 9?
66645
What is 2e9 (base 16) in base 8?
1351
-12553 (base 14) to base 15
-d4c2
64 (base 10) to base 15
44
Convert 842f (base 16) to base 2.
1000010000101111
Convert 1646 (base 7) to base 4.
22133
-2302 (base 5) to base 15
-16c
What is -15529 (base 10) in base 4?
-3302221
Convert 1111001001 (base 2) to base 13.
597
What is -984 (base 14) in base 2?
-11101011000
5a61 (base 13) to base 15
3ba4
6492 (base 10) to base 2
1100101011100
What is -8293 (base 11) in base 10?
-10992
What is 32a8 (base 11) in base 6?
32053
Convert 523 (base 7) to base 11.
219
What is 4c23 (base 13) in base 8?
25135
What is 11837 (base 9) in base 5?
223342
What is -32407 (base 9) in base 7?
-116413
What is -a2a (base 14) in base 11?
-1557
What is 100111010000111 (base 2) in base 10?
20103
131 (base 15) to base 14
155
What is 836 (base 16) in base 3?
2212212
What is 43125 (base 6) in base 2?
1011011111101
What is 1284 (base 9) in base 16?
3c7
824 (base 9) to base 4
22132
What is -b6 (base 12) in base 13?
-a8
Convert -194 (base 14) to base 15.
-16b
What is -664 (base 12) in base 16?
-3ac
What is 25570 (base 8) in base 5?
324003
What is 102121 (base 4) in base 14?
601
Convert 493a (base 16) to base 8.
44472
What is 21221112 (base 3) in base 8?
13240
-ba (base 13) to base 15
-a3
-550 (base 11) to base 4
-22110
What is 1051155 (base 6) in base 13?
1b416
-20 (base 12) to base 7
-33
Convert -200020 (base 5) to base 8.
-14164
What is -361 (base 11) in base 12?
-2ba
Convert -111 (base 7) to base 11.
-52
What is 10000011000010 (base 2) in base 15?
2741
24202 (base 9) to base 16
3f4a
82 (base 16) to base 3
11211
What is -311 (base 9) in base 10?
-253
Convert 34e6 (base 15) to base 13.
5169
10100000 (base 2) to base 3
12221
What is 1a9a (base 11) in base 4?
221122
-203433 (base 6) to base 12
-9579
12646 (base 9) to base 15
27ec
What is -6517 (base 11) in base 8?
-20641
-32101 (base 7) to base 12
-4717
What is 10204 (base 5) in base 2?
1010100111
Convert 192 (base 11) to base 3.
22020
What is -739 (base 10) in base 4?
-23203
What is -336e (base 15) in base 2?
-10101010011000
12251 (base 8) to base 11
3a79
Convert -4659 (base 10) to base 2.
-1001000110011
-a9b (base 13) to base 11
-1403
What is -124140 (base 7) in base 12?
-11416
Convert -14a9 (base 14) to base 15.
-1152
-b0a (base 14) to base 15
-996
What is -99 (base 15) in base 13?
-b1
10301 (base 4) to base 13
1a6
What is -982 (base 12) in base 7?
-4031
-1120a (base 13) to base 10
-31106
Convert 506 (base 9) to base 10.
411
Convert -1250 (base 7) to base 5.
-3401
What is 2bb (base 14) in base 6?
2325
What is 504310 (base 6) in base 13?
151b0
156 (base 16) to base 5
2332
Convert -15205 (base 6) to base 4.
-212111
What is 32721 (base 8) in base 16?
35d1
What is 1001101001101 (base 2) in base 12?
2a39
-51152 (base 8) to base 7
-115340
33b0 (base 15) to base 11
8269
Convert -26162 (base 8) to base 3.
-120121102
Convert 1d4b (base 15) to base 12.
382b
-a2 (base 15) to base 4
-2120
Convert -21314 (base 5) to base 12.
-a17
What is 25378 (base 9) in base 7?
100541
40146 (base 7) to base 10
9687
1110 (base 13) to base 9
3233
551 (base 13) to base 4
32033
Convert 287 (base 12) to base 6.
1451
-104 (base 12) to base 3
-12111
-224540 (base 7) to base 14
-10857
-35 (base 13) to base 9
-48
-10102 (base 5) to base 2
-1010001100
490 (base 13) to base 10
793
1022112 (base 4) to base 10
4758
Convert -6451 (base 11) to base 7.
-33600
What is 14304 (base 5) in base 16?
4b4
What is -11110000 (base 2) in base 6?
-1040
What is 177 (base 9) in base 6?
411
Convert -100113 (base 4) to base 3.
-1102210
Convert -27 (base 10) to base 11.
-25
Convert -95 (base 12) to base 4.
-1301
-1548 (base 13) to base 7
-12021
19c7 (base 13) to base 3
12022202
Convert 4000 (base 7) to base 15.
617
-36a (base 11) to base 4
-12313
Convert -120201122 (base 3) to base 2.
-10110011001001
What is 131155 (base 6) in base 13?
5594
6661 (base 7) to base 6
15031
What is 10210101 (base 3) in base 11?
2093
-9944 (base 13) to base 12
-10432
Convert -15075 (base 8) to base 15.
-1ecc
What is -3440 (base 5) in base 15?
-230
Convert 2421 (base 6) to base 3.
210211
What is 10620 (base 7) in base 10?
2709
Convert -14c (base 13) to base 11.
-1a2
-1211010 (base 3) to base 12
-926
-134b3 (base 14) to base 15
-e179
12302 (base 4) to base 8
662
-1002002 (base 3) to base 16
-311
27a2 (base 16) to base 3
111220210
What is -1101420 (base 6) in base 5?
-3223204
Convert -2042101 (base 5) to base 14.
-c586
-3142 (base 8) to base 9
-2215
What is 1101000011001 (base 2) in base 7?
25323
Convert 73b7 (base 12) to base 6.
134351
Convert 58 (base 14) to base 13.
60
-1123 (base 9) to base 10
-831
Convert 123514 (base 7) to base 8.
54556
31232 (base 5) to base 13
c30
Convert 1194 (base 11) to base 12.
a97
1162 (base 12) to base 2
11110011010
What is -5528 (base 14) in base 8?
-34620
55314 (base 6) to base 13
3658
Convert -50ab (base 13) to base 4.
-2231312
-10002211 (base 4) to base 16
-40a5
Convert 10021 (base 3) to base 16.
58
What is -102 (base 16) in base 8?
-402
What is -4300 (base 10) in base 11?
-325a
125 (base 11) to base 7
301
Convert -ab7 (base 15) to base 14.
-c50
Convert -38a (base 11) to base 3.
-122002
2c5 (base 13) to base 11
414
Convert 221010120 (base 3) to base 10.
18321
Convert -10000101011 (base 2) to base 13.
-641
1622 (base 8) to base 4
32102
What is -184 (base 15) in base 8?
-535
What is -84 (base 9) in base 5?
-301
What is -3cd (base 15) in base 5?
-11433
44545 (base 7) to base 3
120102211
What is -1168 (base 10) in base 3?
-1121021
What is -1100011 (base 2) in base 6?
-243
1111100 (base 2) to base 12
a4
What is 100110 (base 2) in base 15?
28
110101011 (base 2) to base 5
3202
What is -3939 (base 14) in base 11?
